{"id":5257,"date":"2024-11-07T09:15:55","date_gmt":"2024-11-07T09:15:55","guid":{"rendered":"https:\/\/myblog-6yd180wpx0.live-website.com\/?page_id=5257"},"modified":"2025-03-17T11:00:50","modified_gmt":"2025-03-17T11:00:50","slug":"creacion","status":"publish","type":"page","link":"https:\/\/forestaisgalicia.es\/es\/creacion\/","title":{"rendered":"Creaci\u00f3n"},"content":{"rendered":"<div class=\"fusion-fullwidth fullwidth-box fusion-builder-row-1 fusion-flex-container nonhundred-percent-fullwidth non-hundred-percent-height-scrolling\" style=\"--awb-border-radius-top-left:0px;--awb-border-radius-top-right:0px;--awb-border-radius-bottom-right:0px;--awb-border-radius-bottom-left:0px;--awb-flex-wrap:wrap;\" ><div class=\"fusion-builder-row fusion-row fusion-flex-align-items-flex-start fusion-flex-content-wrap\" style=\"max-width:1144px;margin-left: calc(-4% \/ 2 );margin-right: calc(-4% \/ 2 );\"><div class=\"fusion-layout-column fusion_builder_column fusion-builder-column-0 fusion_builder_column_1_1 1_1 fusion-flex-column\" style=\"--awb-bg-blend:overlay;--awb-bg-size:cover;--awb-width-large:100%;--awb-margin-top-large:0px;--awb-spacing-right-large:1.92%;--awb-margin-bottom-large:0px;--awb-spacing-left-large:1.92%;--awb-width-medium:100%;--awb-spacing-right-medium:1.92%;--awb-spacing-left-medium:1.92%;--awb-width-small:100%;--awb-spacing-right-small:1.92%;--awb-spacing-left-small:1.92%;\"><div class=\"fusion-column-wrapper fusion-flex-justify-content-flex-start fusion-content-layout-column\"><div class=\"fusion-text fusion-text-1\"><p>El Colegio Oficial de la Ingenier\u00eda T\u00e9cnica Forestal de Galicia agrupa a las personas tituladas universitarias en cualquiera de sus especialidades reconocidas legalmente: ayudantes y peritos de montes, Ingenieras e Ingenieros T\u00e9cnicos Forestales, Graduadas e Graduados en Ingenier\u00eda Forestal, o cualquier otra nomenclatura que pudiese existir en un futuro y que habilite para el ejercicio de la PROFESI\u00d3N de INGENIER\u00cdA T\u00c9CNICA FORESTAL.<\/p>\n<p>O Colexio Oficial da Enxe\u00f1ar\u00eda T\u00e9cnica Forestal de Galicia constit\u00faese no ano 1997 por segregaci\u00f3n do Ilustre Colexio Nacional de Enxe\u00f1eiros T\u00e9cnicos Forestais (<a href=\"https:\/\/www.xunta.gal\/dog\/Publicados\/1997\/19970917\/AnuncioA8DE_gl.html\" target=\"_blank\" rel=\"noopener noreferrer\">Decreto 250\/1997 do 25 de agosto<\/a>), co fin de acadar unha organizaci\u00f3n m\u00e1is operativa e pr\u00f3xima \u00e1s e aos profesionais desta comunidade.<\/p>\n<p>O colexio \u00e9 unha Corporaci\u00f3n de Dereito P\u00fablico, amparada pola Lei de Colexios Profesionais da Comunidade Aut\u00f3noma de Galicia (<a href=\"https:\/\/www.boe.es\/buscar\/doc.php?id=BOE-A-2001-19609\" target=\"_blank\" rel=\"noopener noreferrer\">Lei 11\/2001 do 18 de setembro<\/a>) con estrutura democraticamente constitu\u00edda, car\u00e1cter representativo e personalidade xur\u00eddica propia.<\/p>\n<p>Forma parte del Consejo General de Colegios Oficiales de Ingenieros T\u00e9cnicos Forestales de Espa\u00f1a con el objeto de la coordinaci\u00f3n y representaci\u00f3n conjunta de todos los Colegios Profesionales de la Ingenier\u00eda T\u00e9cnica Forestal existentes en Espa\u00f1a.<\/p>\n<div align=\"justify\"><\/div>\n<div align=\"justify\">\n<div><\/div>\n<\/div>\n<\/div><\/div><\/div><\/div><\/div>","protected":false},"excerpt":{"rendered":"","protected":false},"author":1,"featured_media":0,"parent":0,"menu_order":0,"comment_status":"closed","ping_status":"closed","template":"100-width.php","meta":{"footnotes":""},"class_list":["post-5257","page","type-page","status-publish","hentry"],"_links":{"self":[{"href":"https:\/\/forestaisgalicia.es\/es\/wp-json\/wp\/v2\/pages\/5257","targetHints":{"allow":["GET"]}}],"collection":[{"href":"https:\/\/forestaisgalicia.es\/es\/wp-json\/wp\/v2\/pages"}],"about":[{"href":"https:\/\/forestaisgalicia.es\/es\/wp-json\/wp\/v2\/types\/page"}],"author":[{"embeddable":true,"href":"https:\/\/forestaisgalicia.es\/es\/wp-json\/wp\/v2\/users\/1"}],"replies":[{"embeddable":true,"href":"https:\/\/forestaisgalicia.es\/es\/wp-json\/wp\/v2\/comments?post=5257"}],"version-history":[{"count":30,"href":"https:\/\/forestaisgalicia.es\/es\/wp-json\/wp\/v2\/pages\/5257\/revisions"}],"predecessor-version":[{"id":6430,"href":"https:\/\/forestaisgalicia.es\/es\/wp-json\/wp\/v2\/pages\/5257\/revisions\/6430"}],"wp:attachment":[{"href":"https:\/\/forestaisgalicia.es\/es\/wp-json\/wp\/v2\/media?parent=5257"}],"curies":[{"name":"wp","href":"https:\/\/api.w.org\/{rel}","templated":true}]}}

Creación

<div class="fusion-fullwidth fullwidth-box fusion-builder-row-1 fusion-flex-container nonhundred-percent-fullwidth non-hundred-percent-height-scrolling" style="--awb-border-radius-top-left:0px;--awb-border-radius-top-right:0px;--awb-border-radius-bottom-right:0px;--awb-border-radius-bottom-left:0px;--awb-flex-wrap:wrap;" ><div class="fusion-builder-row fusion-row fusion-flex-align-items-flex-start fusion-flex-content-wrap" style="max-width:1144px;margin-left: calc(-4% / 2 );margin-right: calc(-4% / 2 );"><div class="fusion-layout-column fusion_builder_column fusion-builder-column-0 fusion_builder_column_1_1 1_1 fusion-flex-column" style="--awb-bg-blend:overlay;--awb-bg-size:cover;--awb-width-large:100%;--awb-margin-top-large:0px;--awb-spacing-right-large:1.92%;--awb-margin-bottom-large:0px;--awb-spacing-left-large:1.92%;--awb-width-medium:100%;--awb-spacing-right-medium:1.92%;--awb-spacing-left-medium:1.92%;--awb-width-small:100%;--awb-spacing-right-small:1.92%;--awb-spacing-left-small:1.92%;"><div class="fusion-column-wrapper fusion-flex-justify-content-flex-start fusion-content-layout-column"><div class="fusion-text fusion-text-1"><p>El Colegio Oficial de la Ingeniería Técnica Forestal de Galicia agrupa a las personas tituladas universitarias en cualquiera de sus especialidades reconocidas legalmente: ayudantes y peritos de montes, Ingenieras e Ingenieros Técnicos Forestales, Graduadas e Graduados en Ingeniería Forestal, o cualquier otra nomenclatura que pudiese existir en un futuro y que habilite para el ejercicio de la PROFESIÓN de INGENIERÍA TÉCNICA FORESTAL.</p>
<p>O Colexio Oficial da Enxeñaría Técnica Forestal de Galicia constitúese no ano 1997 por segregación do Ilustre Colexio Nacional de Enxeñeiros Técnicos Forestais (<a href="https://www.xunta.gal/dog/Publicados/1997/19970917/AnuncioA8DE_gl.html" target="_blank" rel="noopener noreferrer">Decreto 250/1997 do 25 de agosto</a>), co fin de acadar unha organización máis operativa e próxima ás e aos profesionais desta comunidade.</p>
<p>O colexio é unha Corporación de Dereito Público, amparada pola Lei de Colexios Profesionais da Comunidade Autónoma de Galicia (<a href="https://www.boe.es/buscar/doc.php?id=BOE-A-2001-19609" target="_blank" rel="noopener noreferrer">Lei 11/2001 do 18 de setembro</a>) con estrutura democraticamente constituída, carácter representativo e personalidade xurídica propia.</p>
<p>Forma parte del Consejo General de Colegios Oficiales de Ingenieros Técnicos Forestales de España con el objeto de la coordinación y representación conjunta de todos los Colegios Profesionales de la Ingeniería Técnica Forestal existentes en España.</p>
<div align="justify"></div>
<div align="justify">
<div></div>
</div>
</div></div></div></div></div>
