{"id":5259,"date":"2024-11-07T09:16:16","date_gmt":"2024-11-07T09:16:16","guid":{"rendered":"https:\/\/myblog-6yd180wpx0.live-website.com\/?page_id=5259"},"modified":"2025-02-11T18:46:28","modified_gmt":"2025-02-11T18:46:28","slug":"funcions","status":"publish","type":"page","link":"https:\/\/forestaisgalicia.es\/es\/funcions\/","title":{"rendered":"Funciones"},"content":{"rendered":"<div class=\"fusion-fullwidth fullwidth-box fusion-builder-row-1 fusion-flex-container has-pattern-background has-mask-background nonhundred-percent-fullwidth non-hundred-percent-height-scrolling\" style=\"--awb-border-radius-top-left:0px;--awb-border-radius-top-right:0px;--awb-border-radius-bottom-right:0px;--awb-border-radius-bottom-left:0px;--awb-flex-wrap:wrap;\" ><div class=\"fusion-builder-row fusion-row fusion-flex-align-items-flex-start fusion-flex-content-wrap\" style=\"max-width:1144px;margin-left: calc(-4% \/ 2 );margin-right: calc(-4% \/ 2 );\"><div class=\"fusion-layout-column fusion_builder_column fusion-builder-column-0 fusion_builder_column_1_1 1_1 fusion-flex-column\" style=\"--awb-bg-size:cover;--awb-width-large:100%;--awb-margin-top-large:0px;--awb-spacing-right-large:1.92%;--awb-margin-bottom-large:0px;--awb-spacing-left-large:1.92%;--awb-width-medium:100%;--awb-order-medium:0;--awb-spacing-right-medium:1.92%;--awb-spacing-left-medium:1.92%;--awb-width-small:100%;--awb-order-small:0;--awb-spacing-right-small:1.92%;--awb-spacing-left-small:1.92%;\"><div class=\"fusion-column-wrapper fusion-column-has-shadow fusion-flex-justify-content-flex-start fusion-content-layout-column\"><div class=\"fusion-text fusion-text-1\"><p>El Colegio Oficial de la Ingenier\u00eda T\u00e9cnica Forestal de Galicia tiene como objetivo principal velar por la actuaci\u00f3n profesional de las personas que lo integran en beneficio de la sociedad, protegi\u00e9ndolas del intrusismo profesional y garantizando la \u00e9tica profesional de las y los colegiados, a los que, en consecuencia, protege y ayuda tanto en su adecuaci\u00f3n profesional como en el asesoramiento y perfeccionamiento de su seguridad profesional, social y laboral.<\/p>\n<p>Entre sus funciones destacan:<\/p>\n<p>1.\tLa representaci\u00f3n y defensa de la profesi\u00f3n ante administraciones, instituciones, tribunales, entidades particulares, con legitimaci\u00f3n para ser parte en todos los litigios que afecten a los intereses profesionales y ejercer el derecho de petici\u00f3n, de acuerdo con la ley.<\/p>\n<p>2.\tEl fomento de la plena ocupaci\u00f3n de las y los colegiados, impidiendo la competencia desleal entre los mismos y adoptando las medidas oportunas para evitar el intrusismo profesional.<\/p>\n<p>3.\tLa organizaci\u00f3n de actividades y servicios comunes de inter\u00e9s para las personas colegiadas y otras interesadas; de car\u00e1cter profesional, formativo, cultural, informativo, asistencial, de previsi\u00f3n u otros an\u00e1logos.<\/p>\n<p>4.\tEl visado, registro y diligenciado de los documentos relacionados con los trabajos profesionales de las y los colegiados.<\/p>\n<p>5.\tLa presencia en los patronatos y consejos sociales de las universidades, as\u00ed como participar en la elaboraci\u00f3n de los planes de estudios de las Escuelas Universitarias con t\u00edtulos habilitantes para el ejercicio profesional de la Ingenier\u00eda T\u00e9cnica Forestal de Galicia, y de cualquier ense\u00f1anza universitaria o de formaci\u00f3n profesional que tengan relaci\u00f3n con la actividad forestal.<\/p>\n<p>6.\tLa ayuda jur\u00eddica a las personas colegiadas cuando lo soliciten, en cuestiones relacionadas con el ejercicio profesional.<\/p>\n<p>7.\tAs\u00ed como otras dispuestas en estatutos.<\/p>\n<ol>\n<\/ol>\n<\/div><\/div><\/div><\/div><\/div>","protected":false},"excerpt":{"rendered":"","protected":false},"author":1,"featured_media":0,"parent":0,"menu_order":0,"comment_status":"closed","ping_status":"closed","template":"100-width.php","meta":{"footnotes":""},"class_list":["post-5259","page","type-page","status-publish","hentry"],"_links":{"self":[{"href":"https:\/\/forestaisgalicia.es\/es\/wp-json\/wp\/v2\/pages\/5259","targetHints":{"allow":["GET"]}}],"collection":[{"href":"https:\/\/forestaisgalicia.es\/es\/wp-json\/wp\/v2\/pages"}],"about":[{"href":"https:\/\/forestaisgalicia.es\/es\/wp-json\/wp\/v2\/types\/page"}],"author":[{"embeddable":true,"href":"https:\/\/forestaisgalicia.es\/es\/wp-json\/wp\/v2\/users\/1"}],"replies":[{"embeddable":true,"href":"https:\/\/forestaisgalicia.es\/es\/wp-json\/wp\/v2\/comments?post=5259"}],"version-history":[{"count":8,"href":"https:\/\/forestaisgalicia.es\/es\/wp-json\/wp\/v2\/pages\/5259\/revisions"}],"predecessor-version":[{"id":6112,"href":"https:\/\/forestaisgalicia.es\/es\/wp-json\/wp\/v2\/pages\/5259\/revisions\/6112"}],"wp:attachment":[{"href":"https:\/\/forestaisgalicia.es\/es\/wp-json\/wp\/v2\/media?parent=5259"}],"curies":[{"name":"wp","href":"https:\/\/api.w.org\/{rel}","templated":true}]}}

<div class="fusion-fullwidth fullwidth-box fusion-builder-row-1 fusion-flex-container has-pattern-background has-mask-background nonhundred-percent-fullwidth non-hundred-percent-height-scrolling" style="--awb-border-radius-top-left:0px;--awb-border-radius-top-right:0px;--awb-border-radius-bottom-right:0px;--awb-border-radius-bottom-left:0px;--awb-flex-wrap:wrap;" ><div class="fusion-builder-row fusion-row fusion-flex-align-items-flex-start fusion-flex-content-wrap" style="max-width:1144px;margin-left: calc(-4% / 2 );margin-right: calc(-4% / 2 );"><div class="fusion-layout-column fusion_builder_column fusion-builder-column-0 fusion_builder_column_1_1 1_1 fusion-flex-column" style="--awb-bg-size:cover;--awb-width-large:100%;--awb-margin-top-large:0px;--awb-spacing-right-large:1.92%;--awb-margin-bottom-large:0px;--awb-spacing-left-large:1.92%;--awb-width-medium:100%;--awb-order-medium:0;--awb-spacing-right-medium:1.92%;--awb-spacing-left-medium:1.92%;--awb-width-small:100%;--awb-order-small:0;--awb-spacing-right-small:1.92%;--awb-spacing-left-small:1.92%;"><div class="fusion-column-wrapper fusion-column-has-shadow fusion-flex-justify-content-flex-start fusion-content-layout-column"><div class="fusion-text fusion-text-1"><p>El Colegio Oficial de la Ingeniería Técnica Forestal de Galicia tiene como objetivo principal velar por la actuación profesional de las personas que lo integran en beneficio de la sociedad, protegiéndolas del intrusismo profesional y garantizando la ética profesional de las y los colegiados, a los que, en consecuencia, protege y ayuda tanto en su adecuación profesional como en el asesoramiento y perfeccionamiento de su seguridad profesional, social y laboral.</p>
<p>Entre sus funciones destacan:</p>
<p>1.	La representación y defensa de la profesión ante administraciones, instituciones, tribunales, entidades particulares, con legitimación para ser parte en todos los litigios que afecten a los intereses profesionales y ejercer el derecho de petición, de acuerdo con la ley.</p>
<p>2.	El fomento de la plena ocupación de las y los colegiados, impidiendo la competencia desleal entre los mismos y adoptando las medidas oportunas para evitar el intrusismo profesional.</p>
<p>3.	La organización de actividades y servicios comunes de interés para las personas colegiadas y otras interesadas; de carácter profesional, formativo, cultural, informativo, asistencial, de previsión u otros análogos.</p>
<p>4.	El visado, registro y diligenciado de los documentos relacionados con los trabajos profesionales de las y los colegiados.</p>
<p>5.	La presencia en los patronatos y consejos sociales de las universidades, así como participar en la elaboración de los planes de estudios de las Escuelas Universitarias con títulos habilitantes para el ejercicio profesional de la Ingeniería Técnica Forestal de Galicia, y de cualquier enseñanza universitaria o de formación profesional que tengan relación con la actividad forestal.</p>
<p>6.	La ayuda jurídica a las personas colegiadas cuando lo soliciten, en cuestiones relacionadas con el ejercicio profesional.</p>
<p>7.	Así como otras dispuestas en estatutos.</p>
<ol>
</ol>
</div></div></div></div></div>
