{"id":5287,"date":"2024-11-07T09:22:13","date_gmt":"2024-11-07T09:22:13","guid":{"rendered":"https:\/\/myblog-6yd180wpx0.live-website.com\/?page_id=5287"},"modified":"2025-02-14T17:47:26","modified_gmt":"2025-02-14T17:47:26","slug":"taboleiro","status":"publish","type":"page","link":"https:\/\/forestaisgalicia.es\/es\/taboleiro\/","title":{"rendered":"Tabl\u00f3n de anuncios"},"content":{"rendered":"<div class=\"fusion-fullwidth fullwidth-box fusion-builder-row-1 fusion-flex-container has-pattern-background has-mask-background nonhundred-percent-fullwidth non-hundred-percent-height-scrolling\" style=\"--awb-border-radius-top-left:0px;--awb-border-radius-top-right:0px;--awb-border-radius-bottom-right:0px;--awb-border-radius-bottom-left:0px;--awb-flex-wrap:wrap;\" ><div class=\"fusion-builder-row fusion-row fusion-flex-align-items-flex-start fusion-flex-content-wrap\" style=\"max-width:1144px;margin-left: calc(-4% \/ 2 );margin-right: calc(-4% \/ 2 );\"><div class=\"fusion-layout-column fusion_builder_column fusion-builder-column-0 fusion_builder_column_1_1 1_1 fusion-flex-column\" style=\"--awb-bg-size:cover;--awb-width-large:100%;--awb-margin-top-large:0px;--awb-spacing-right-large:1.92%;--awb-margin-bottom-large:0px;--awb-spacing-left-large:1.92%;--awb-width-medium:100%;--awb-order-medium:0;--awb-spacing-right-medium:1.92%;--awb-spacing-left-medium:1.92%;--awb-width-small:100%;--awb-order-small:0;--awb-spacing-right-small:1.92%;--awb-spacing-left-small:1.92%;\"><div class=\"fusion-column-wrapper fusion-column-has-shadow fusion-flex-justify-content-flex-start fusion-content-layout-column\"><div class=\"fusion-text fusion-text-1\"><p><b><font style=\"vertical-align: inherit;\"><font style=\"vertical-align: inherit;\">21\/06\/2022, SE VENDE GPS SUBM\u00c9TRICO: LEICA ZENO 20<\/font><\/font><\/b><\/p>\n<p><span style=\"color: var(--awb-text-color); font-family: var(--awb-text-font-family); font-size: var(--awb-font-size); font-style: var(--awb-text-font-style); font-weight: var(--awb-text-font-weight); letter-spacing: var(--awb-letter-spacing); text-align: var(--awb-content-alignment); text-transform: var(--awb-text-transform); background-color: var(--awb-bg-color-hover);\">Santiago Carre\u00f1o, colexiado 474, informa da venta deste equipo.<\/span><\/p>\n<p><font style=\"vertical-align: inherit;\"><font style=\"vertical-align: inherit;\">Precio: 1995 \u20ac<\/font><\/font><\/p>\n<p><font style=\"vertical-align: inherit;\"><font style=\"vertical-align: inherit;\">Caracter\u00edsticas principales:<\/font><\/font><\/p>\n<ol>\n<li><font style=\"vertical-align: inherit;\"><font style=\"vertical-align: inherit;\">Ligero, resistente y compacto: Manejo con una sola mano y con numerosas prestaciones<\/font><\/font><\/li>\n<li><font style=\"vertical-align: inherit;\"><font style=\"vertical-align: inherit;\">Ideal para toma de datos en campo en tempo real, con precisiones por debajo de 10 cm.<\/font><\/font><\/li>\n<li><font style=\"vertical-align: inherit;\"><font style=\"vertical-align: inherit;\">Apto para sistemas de informaci\u00f3n geogr\u00e1fica, c\u00e1lculo de superficies, cuotas de nivel, distancias, etc.<\/font><\/font><\/li>\n<li><font style=\"vertical-align: inherit;\"><font style=\"vertical-align: inherit;\">Creaci\u00f3n y edici\u00f3n de puntos, l\u00edneas, pol\u00edgonos de archivos formato forma.<\/font><\/font><\/li>\n<li><font style=\"vertical-align: inherit;\"><font style=\"vertical-align: inherit;\">Carga de proyectos, capas forma, kml, capas WMS (PNOA, Catastro, etc.).<\/font><\/font><\/li>\n<li><font style=\"vertical-align: inherit;\"><font style=\"vertical-align: inherit;\">Posibilidad de realizar fotograf\u00edas en tiempo real y otras muchas opciones.<\/font><\/font><\/li>\n<li><font style=\"vertical-align: inherit;\"><font style=\"vertical-align: inherit;\">Perfecto para manejo de inventarios de flora y fauna, inventario forestal, estimaci\u00f3n de superficies rozadas e incendiadas, etc.<\/font><\/font><\/li>\n<\/ol>\n<p><font style=\"vertical-align: inherit;\"><font style=\"vertical-align: inherit;\">Estado: Perfecto estado de uso y mantenimiento. Con funda, bater\u00edas y cables originales.<\/font><\/font><\/p>\n<p><font style=\"vertical-align: inherit;\"><font style=\"vertical-align: inherit;\">Interesados \u200b\u200bcontactar con: info@tp3natural.com<\/font><\/font><\/p>\n<p><font style=\"vertical-align: inherit;\"><font style=\"vertical-align: inherit;\">Tel\u00e9fono: 636240427<\/font><\/font><\/p>\n<p><b><font style=\"vertical-align: inherit;\"><font style=\"vertical-align: inherit;\"><br \/><\/font><\/font><\/b><\/p>\n<p><b><font style=\"vertical-align: inherit;\"><font style=\"vertical-align: inherit;\">28\/10\/2019, VENTA DE EQUIPOS DE MEDICI\u00d3N SEMINUEVOS DETALLADOS EN EL <\/font><\/font><a href=\"http:\/\/forestaisgalicia.es\/wp-content\/uploads\/2024\/11\/COETFG_venta_lucia_mera.pdf\" target=\"_blank\" rel=\"noopener noreferrer\"><font style=\"vertical-align: inherit;\"><font style=\"vertical-align: inherit;\">PDF<\/font><\/font><\/a><font style=\"vertical-align: inherit;\"><font style=\"vertical-align: inherit;\"> :<\/font><\/font><\/b><\/p>\n<p><font style=\"vertical-align: inherit;\"><font style=\"vertical-align: inherit;\">Luc\u00eda Mera pone a la venta un lote de equipos de medici\u00f3n forestal con un \u00fanico uso, por lo que est\u00e1n nuevos.<\/font><\/font><\/p>\n<p><font style=\"vertical-align: inherit;\"><font style=\"vertical-align: inherit;\">Vende Lote 1: Fuerza manual de 500 mm y fuerza electr\u00f3nica Mantax Digital de 800 mm, e Hips\u00f3metro ForestryPro de NIKON. El precio de este lote es de 1500 \u20ac.<\/font><\/font><\/p>\n<p><font style=\"vertical-align: inherit;\"><font style=\"vertical-align: inherit;\">Vende Lote 2: ordenador de sobremesa con 2 pantallas giratorias. Precio: 1400\u20ac<\/font><\/font><\/p>\n<p><font style=\"vertical-align: inherit;\"><font style=\"vertical-align: inherit;\">Interesados \u200b\u200bcontactar con Luc\u00eda Mera: luciamb-@hotmail.com<\/font><\/font><\/p>\n<p><b><font style=\"vertical-align: inherit;\"><font style=\"vertical-align: inherit;\"><br \/><\/font><\/font><\/b><\/p>\n<p><b><font style=\"vertical-align: inherit;\"><font style=\"vertical-align: inherit;\">28\/11\/2017, LA EMPRESA XESFORESTA S. COOP. GALEGA, PONE A LA VENTA LOS EQUIPOS Y HERRAMIENTAS DETALLADOS EN EL <\/font><\/font><a href=\"http:\/\/forestaisgalicia.es\/wp-content\/uploads\/2024\/11\/2017-11-28_xesforesta_venta.pdf\" target=\"_blank\" rel=\"noopener noreferrer\"><font style=\"vertical-align: inherit;\"><font style=\"vertical-align: inherit;\">PDF<\/font><\/font><\/a><font style=\"vertical-align: inherit;\"><font style=\"vertical-align: inherit;\"> :<\/font><\/font><\/b><\/p>\n<p><font style=\"vertical-align: inherit;\"><font style=\"vertical-align: inherit;\">Interesados contactar en el tel\u00e9fono: 671\/548754,<\/font><\/font><\/p>\n<p><font style=\"vertical-align: inherit;\"><font style=\"vertical-align: inherit;\">Correo: carolina@xesforesta.com<\/font><\/font><\/p>\n<p><b><font style=\"vertical-align: inherit;\"><font style=\"vertical-align: inherit;\"><br \/><\/font><\/font><\/b><\/p>\n<p><b><font style=\"vertical-align: inherit;\"><font style=\"vertical-align: inherit;\">18\/07\/2014, INGENIERO DE MONTES BUSCA PREPARADOR DE TEMARIO PARA OPOSICIONES DEL MAGRAMA:<\/font><\/font><\/b><\/p>\n<\/p>\n<p><font style=\"vertical-align: inherit;\"><font style=\"vertical-align: inherit;\">Interesados llamar al 666871510.<\/font><\/font><\/p>\n<p><b><font style=\"vertical-align: inherit;\"><font style=\"vertical-align: inherit;\"><br \/><\/font><\/font><\/b><\/p>\n<p><b><font style=\"vertical-align: inherit;\"><font style=\"vertical-align: inherit;\">2<\/font><\/font><\/b><b style=\"color: var(--awb-text-color); font-family: var(--awb-text-font-family); font-size: var(--awb-font-size); font-style: var(--awb-text-font-style); letter-spacing: var(--awb-letter-spacing); text-align: var(--awb-content-alignment); text-transform: var(--awb-text-transform); background-color: var(--awb-bg-color-hover);\"><font style=\"vertical-align: inherit;\"><font style=\"vertical-align: inherit;\">6\/06\/2013, BUSCAMOS:<\/font><\/font><\/b><\/p>\n<\/p>\n<ul>\n<li><b><font style=\"vertical-align: inherit;\"><font style=\"vertical-align: inherit;\">PERSONAS O EMPRESAS QUE NOS SUMINISTREN BREZO PARA FABRICACI\u00d3N DE CERCAS O CA\u00d1IZOS.<\/font><\/font><\/b><\/li>\n<li><b><font style=\"vertical-align: inherit;\"><font style=\"vertical-align: inherit;\">F<\/font><\/font><\/b><b style=\"color: var(--awb-text-color); font-family: var(--awb-text-font-family); font-size: var(--awb-font-size); font-style: var(--awb-text-font-style); letter-spacing: var(--awb-letter-spacing); text-align: var(--awb-content-alignment); text-transform: var(--awb-text-transform); background-color: var(--awb-bg-color-hover);\"><font style=\"vertical-align: inherit;\"><font style=\"vertical-align: inherit;\">INCAS O PARCELAS QUE CONTENGAN BREZO PARA SIEGA.<\/font><\/font><\/b><\/li>\n<\/ul>\n<p><font style=\"vertical-align: inherit;\"><font style=\"vertical-align: inherit;\">Interesados \u200b\u200bcontactar con:<\/font><\/font><\/p>\n<p><font style=\"vertical-align: inherit;\"><font style=\"vertical-align: inherit;\">ENERFIBRA<\/font><\/font><\/p>\n<p><font style=\"vertical-align: inherit;\"><font style=\"vertical-align: inherit;\">46191 Vilamarxant<\/font><\/font><\/p>\n<p><font style=\"vertical-align: inherit;\"><font style=\"vertical-align: inherit;\">Valencia<\/font><\/font><\/p>\n<p><font style=\"vertical-align: inherit;\"><font style=\"vertical-align: inherit;\">Tel\u00e9fono: 961650299<\/font><\/font><\/p>\n<p><font style=\"vertical-align: inherit;\"><font style=\"vertical-align: inherit;\">info@ombralia.com<\/font><\/font><\/p>\n<\/div><\/div><\/div><\/div><\/div>","protected":false},"excerpt":{"rendered":"","protected":false},"author":1,"featured_media":0,"parent":0,"menu_order":0,"comment_status":"closed","ping_status":"closed","template":"100-width.php","meta":{"footnotes":""},"class_list":["post-5287","page","type-page","status-publish","hentry"],"_links":{"self":[{"href":"https:\/\/forestaisgalicia.es\/es\/wp-json\/wp\/v2\/pages\/5287","targetHints":{"allow":["GET"]}}],"collection":[{"href":"https:\/\/forestaisgalicia.es\/es\/wp-json\/wp\/v2\/pages"}],"about":[{"href":"https:\/\/forestaisgalicia.es\/es\/wp-json\/wp\/v2\/types\/page"}],"author":[{"embeddable":true,"href":"https:\/\/forestaisgalicia.es\/es\/wp-json\/wp\/v2\/users\/1"}],"replies":[{"embeddable":true,"href":"https:\/\/forestaisgalicia.es\/es\/wp-json\/wp\/v2\/comments?post=5287"}],"version-history":[{"count":8,"href":"https:\/\/forestaisgalicia.es\/es\/wp-json\/wp\/v2\/pages\/5287\/revisions"}],"predecessor-version":[{"id":6176,"href":"https:\/\/forestaisgalicia.es\/es\/wp-json\/wp\/v2\/pages\/5287\/revisions\/6176"}],"wp:attachment":[{"href":"https:\/\/forestaisgalicia.es\/es\/wp-json\/wp\/v2\/media?parent=5287"}],"curies":[{"name":"wp","href":"https:\/\/api.w.org\/{rel}","templated":true}]}}

Tablón de anuncios

<div class="fusion-fullwidth fullwidth-box fusion-builder-row-1 fusion-flex-container has-pattern-background has-mask-background nonhundred-percent-fullwidth non-hundred-percent-height-scrolling" style="--awb-border-radius-top-left:0px;--awb-border-radius-top-right:0px;--awb-border-radius-bottom-right:0px;--awb-border-radius-bottom-left:0px;--awb-flex-wrap:wrap;" ><div class="fusion-builder-row fusion-row fusion-flex-align-items-flex-start fusion-flex-content-wrap" style="max-width:1144px;margin-left: calc(-4% / 2 );margin-right: calc(-4% / 2 );"><div class="fusion-layout-column fusion_builder_column fusion-builder-column-0 fusion_builder_column_1_1 1_1 fusion-flex-column" style="--awb-bg-size:cover;--awb-width-large:100%;--awb-margin-top-large:0px;--awb-spacing-right-large:1.92%;--awb-margin-bottom-large:0px;--awb-spacing-left-large:1.92%;--awb-width-medium:100%;--awb-order-medium:0;--awb-spacing-right-medium:1.92%;--awb-spacing-left-medium:1.92%;--awb-width-small:100%;--awb-order-small:0;--awb-spacing-right-small:1.92%;--awb-spacing-left-small:1.92%;"><div class="fusion-column-wrapper fusion-column-has-shadow fusion-flex-justify-content-flex-start fusion-content-layout-column"><div class="fusion-text fusion-text-1"><p><b><font style="vertical-align: inherit;"><font style="vertical-align: inherit;">21/06/2022, SE VENDE GPS SUBMÉTRICO: LEICA ZENO 20</font></font></b></p>
<p><span style="color: var(--awb-text-color); font-family: var(--awb-text-font-family); font-size: var(--awb-font-size); font-style: var(--awb-text-font-style); font-weight: var(--awb-text-font-weight); letter-spacing: var(--awb-letter-spacing); text-align: var(--awb-content-alignment); text-transform: var(--awb-text-transform); background-color: var(--awb-bg-color-hover);">Santiago Carreño, colexiado 474, informa da venta deste equipo.</span></p>
<p><font style="vertical-align: inherit;"><font style="vertical-align: inherit;">Precio: 1995 €</font></font></p>
<p><font style="vertical-align: inherit;"><font style="vertical-align: inherit;">Características principales:</font></font></p>
<ol>
<li><font style="vertical-align: inherit;"><font style="vertical-align: inherit;">Ligero, resistente y compacto: Manejo con una sola mano y con numerosas prestaciones</font></font></li>
<li><font style="vertical-align: inherit;"><font style="vertical-align: inherit;">Ideal para toma de datos en campo en tempo real, con precisiones por debajo de 10 cm.</font></font></li>
<li><font style="vertical-align: inherit;"><font style="vertical-align: inherit;">Apto para sistemas de información geográfica, cálculo de superficies, cuotas de nivel, distancias, etc.</font></font></li>
<li><font style="vertical-align: inherit;"><font style="vertical-align: inherit;">Creación y edición de puntos, líneas, polígonos de archivos formato forma.</font></font></li>
<li><font style="vertical-align: inherit;"><font style="vertical-align: inherit;">Carga de proyectos, capas forma, kml, capas WMS (PNOA, Catastro, etc.).</font></font></li>
<li><font style="vertical-align: inherit;"><font style="vertical-align: inherit;">Posibilidad de realizar fotografías en tiempo real y otras muchas opciones.</font></font></li>
<li><font style="vertical-align: inherit;"><font style="vertical-align: inherit;">Perfecto para manejo de inventarios de flora y fauna, inventario forestal, estimación de superficies rozadas e incendiadas, etc.</font></font></li>
</ol>
<p><font style="vertical-align: inherit;"><font style="vertical-align: inherit;">Estado: Perfecto estado de uso y mantenimiento. Con funda, baterías y cables originales.</font></font></p>
<p><font style="vertical-align: inherit;"><font style="vertical-align: inherit;">Interesados ​​contactar con: info@tp3natural.com</font></font></p>
<p><font style="vertical-align: inherit;"><font style="vertical-align: inherit;">Teléfono: 636240427</font></font></p>
<p><b><font style="vertical-align: inherit;"><font style="vertical-align: inherit;"><br /></font></font></b></p>
<p><b><font style="vertical-align: inherit;"><font style="vertical-align: inherit;">28/10/2019, VENTA DE EQUIPOS DE MEDICIÓN SEMINUEVOS DETALLADOS EN EL </font></font><a href="http://forestaisgalicia.es/wp-content/uploads/2024/11/COETFG_venta_lucia_mera.pdf" target="_blank" rel="noopener noreferrer"><font style="vertical-align: inherit;"><font style="vertical-align: inherit;">PDF</font></font></a><font style="vertical-align: inherit;"><font style="vertical-align: inherit;"> :</font></font></b></p>
<p><font style="vertical-align: inherit;"><font style="vertical-align: inherit;">Lucía Mera pone a la venta un lote de equipos de medición forestal con un único uso, por lo que están nuevos.</font></font></p>
<p><font style="vertical-align: inherit;"><font style="vertical-align: inherit;">Vende Lote 1: Fuerza manual de 500 mm y fuerza electrónica Mantax Digital de 800 mm, e Hipsómetro ForestryPro de NIKON. El precio de este lote es de 1500 €.</font></font></p>
<p><font style="vertical-align: inherit;"><font style="vertical-align: inherit;">Vende Lote 2: ordenador de sobremesa con 2 pantallas giratorias. Precio: 1400€</font></font></p>
<p><font style="vertical-align: inherit;"><font style="vertical-align: inherit;">Interesados ​​contactar con Lucía Mera: luciamb-@hotmail.com</font></font></p>
<p><b><font style="vertical-align: inherit;"><font style="vertical-align: inherit;"><br /></font></font></b></p>
<p><b><font style="vertical-align: inherit;"><font style="vertical-align: inherit;">28/11/2017, LA EMPRESA XESFORESTA S. COOP. GALEGA, PONE A LA VENTA LOS EQUIPOS Y HERRAMIENTAS DETALLADOS EN EL </font></font><a href="http://forestaisgalicia.es/wp-content/uploads/2024/11/2017-11-28_xesforesta_venta.pdf" target="_blank" rel="noopener noreferrer"><font style="vertical-align: inherit;"><font style="vertical-align: inherit;">PDF</font></font></a><font style="vertical-align: inherit;"><font style="vertical-align: inherit;"> :</font></font></b></p>
<p><font style="vertical-align: inherit;"><font style="vertical-align: inherit;">Interesados contactar en el teléfono: 671/548754,</font></font></p>
<p><font style="vertical-align: inherit;"><font style="vertical-align: inherit;">Correo: carolina@xesforesta.com</font></font></p>
<p><b><font style="vertical-align: inherit;"><font style="vertical-align: inherit;"><br /></font></font></b></p>
<p><b><font style="vertical-align: inherit;"><font style="vertical-align: inherit;">18/07/2014, INGENIERO DE MONTES BUSCA PREPARADOR DE TEMARIO PARA OPOSICIONES DEL MAGRAMA:</font></font></b></p>
</p>
<p><font style="vertical-align: inherit;"><font style="vertical-align: inherit;">Interesados llamar al 666871510.</font></font></p>
<p><b><font style="vertical-align: inherit;"><font style="vertical-align: inherit;"><br /></font></font></b></p>
<p><b><font style="vertical-align: inherit;"><font style="vertical-align: inherit;">2</font></font></b><b style="color: var(--awb-text-color); font-family: var(--awb-text-font-family); font-size: var(--awb-font-size); font-style: var(--awb-text-font-style); letter-spacing: var(--awb-letter-spacing); text-align: var(--awb-content-alignment); text-transform: var(--awb-text-transform); background-color: var(--awb-bg-color-hover);"><font style="vertical-align: inherit;"><font style="vertical-align: inherit;">6/06/2013, BUSCAMOS:</font></font></b></p>
</p>
<ul>
<li><b><font style="vertical-align: inherit;"><font style="vertical-align: inherit;">PERSONAS O EMPRESAS QUE NOS SUMINISTREN BREZO PARA FABRICACIÓN DE CERCAS O CAÑIZOS.</font></font></b></li>
<li><b><font style="vertical-align: inherit;"><font style="vertical-align: inherit;">F</font></font></b><b style="color: var(--awb-text-color); font-family: var(--awb-text-font-family); font-size: var(--awb-font-size); font-style: var(--awb-text-font-style); letter-spacing: var(--awb-letter-spacing); text-align: var(--awb-content-alignment); text-transform: var(--awb-text-transform); background-color: var(--awb-bg-color-hover);"><font style="vertical-align: inherit;"><font style="vertical-align: inherit;">INCAS O PARCELAS QUE CONTENGAN BREZO PARA SIEGA.</font></font></b></li>
</ul>
<p><font style="vertical-align: inherit;"><font style="vertical-align: inherit;">Interesados ​​contactar con:</font></font></p>
<p><font style="vertical-align: inherit;"><font style="vertical-align: inherit;">ENERFIBRA</font></font></p>
<p><font style="vertical-align: inherit;"><font style="vertical-align: inherit;">46191 Vilamarxant</font></font></p>
<p><font style="vertical-align: inherit;"><font style="vertical-align: inherit;">Valencia</font></font></p>
<p><font style="vertical-align: inherit;"><font style="vertical-align: inherit;">Teléfono: 961650299</font></font></p>
<p><font style="vertical-align: inherit;"><font style="vertical-align: inherit;">info@ombralia.com</font></font></p>
</div></div></div></div></div>
