{"id":5289,"date":"2024-11-07T09:22:21","date_gmt":"2024-11-07T09:22:21","guid":{"rendered":"https:\/\/myblog-6yd180wpx0.live-website.com\/?page_id=5289"},"modified":"2025-02-11T10:57:31","modified_gmt":"2025-02-11T10:57:31","slug":"emprego","status":"publish","type":"page","link":"https:\/\/forestaisgalicia.es\/es\/emprego\/","title":{"rendered":"Empleo"},"content":{"rendered":"<div class=\"fusion-fullwidth fullwidth-box fusion-builder-row-1 fusion-flex-container has-pattern-background has-mask-background nonhundred-percent-fullwidth non-hundred-percent-height-scrolling\" style=\"--awb-border-radius-top-left:0px;--awb-border-radius-top-right:0px;--awb-border-radius-bottom-right:0px;--awb-border-radius-bottom-left:0px;--awb-flex-wrap:wrap;\" ><div class=\"fusion-builder-row fusion-row fusion-flex-align-items-flex-start fusion-flex-content-wrap\" style=\"max-width:1144px;margin-left: calc(-4% \/ 2 );margin-right: calc(-4% \/ 2 );\"><div class=\"fusion-layout-column fusion_builder_column fusion-builder-column-0 fusion_builder_column_1_1 1_1 fusion-flex-column\" style=\"--awb-bg-size:cover;--awb-width-large:100%;--awb-margin-top-large:0px;--awb-spacing-right-large:1.92%;--awb-margin-bottom-large:0px;--awb-spacing-left-large:1.92%;--awb-width-medium:100%;--awb-order-medium:0;--awb-spacing-right-medium:1.92%;--awb-spacing-left-medium:1.92%;--awb-width-small:100%;--awb-order-small:0;--awb-spacing-right-small:1.92%;--awb-spacing-left-small:1.92%;\"><div class=\"fusion-column-wrapper fusion-column-has-shadow fusion-flex-justify-content-flex-start fusion-content-layout-column\"><div class=\"fusion-text fusion-text-1\"><p>El SERVICIO DE EMPLEO tiene la funci\u00f3n de dar difusi\u00f3n a las ofertas de trabajo que puedan ser cubiertas por Ingenieras e Ingenieros T\u00e9cnicos Forestales.<\/p>\n<p>Todas las ofertas de empleo, tanto p\u00fablico como privado, de las que tenga conocimiento el COETFG se publicar\u00e1n en la secci\u00f3n de ofertas de empleo a la que tienen acceso directo todas las personas colegiadas.<\/p>\n<p>Adem\u00e1s, el Colegio dispone de una <b>Base de B\u00fasqueda de Empleo<\/b> que tiene la finalidad de servir de puente entre las empresas y organizaciones que demanden profesionales, y las y los profesionales colegiados que re\u00fanan las caracter\u00edsticas solicitadas.<\/p>\n<p>Las personas interesadas en remitir ofertas de empleo al COETFG para su posterior difusi\u00f3n entre las y los profesionales colegiados pueden hacerlo a trav\u00e9s del siguiente enlace:<\/p>\n<p style=\"text-align: center; \"><a href=\"https:\/\/forestaisgalicia.e-gestion.es\/Ventanilla\/FormularioOfertaEmpleo.aspx\" target=\"_blank\" rel=\"noopener noreferrer\">Remitir ofertas<\/a><\/p>\n<\/div><\/div><\/div><\/div><\/div>","protected":false},"excerpt":{"rendered":"","protected":false},"author":1,"featured_media":0,"parent":0,"menu_order":0,"comment_status":"closed","ping_status":"closed","template":"100-width.php","meta":{"footnotes":""},"class_list":["post-5289","page","type-page","status-publish","hentry"],"_links":{"self":[{"href":"https:\/\/forestaisgalicia.es\/es\/wp-json\/wp\/v2\/pages\/5289","targetHints":{"allow":["GET"]}}],"collection":[{"href":"https:\/\/forestaisgalicia.es\/es\/wp-json\/wp\/v2\/pages"}],"about":[{"href":"https:\/\/forestaisgalicia.es\/es\/wp-json\/wp\/v2\/types\/page"}],"author":[{"embeddable":true,"href":"https:\/\/forestaisgalicia.es\/es\/wp-json\/wp\/v2\/users\/1"}],"replies":[{"embeddable":true,"href":"https:\/\/forestaisgalicia.es\/es\/wp-json\/wp\/v2\/comments?post=5289"}],"version-history":[{"count":7,"href":"https:\/\/forestaisgalicia.es\/es\/wp-json\/wp\/v2\/pages\/5289\/revisions"}],"predecessor-version":[{"id":6107,"href":"https:\/\/forestaisgalicia.es\/es\/wp-json\/wp\/v2\/pages\/5289\/revisions\/6107"}],"wp:attachment":[{"href":"https:\/\/forestaisgalicia.es\/es\/wp-json\/wp\/v2\/media?parent=5289"}],"curies":[{"name":"wp","href":"https:\/\/api.w.org\/{rel}","templated":true}]}}

<div class="fusion-fullwidth fullwidth-box fusion-builder-row-1 fusion-flex-container has-pattern-background has-mask-background nonhundred-percent-fullwidth non-hundred-percent-height-scrolling" style="--awb-border-radius-top-left:0px;--awb-border-radius-top-right:0px;--awb-border-radius-bottom-right:0px;--awb-border-radius-bottom-left:0px;--awb-flex-wrap:wrap;" ><div class="fusion-builder-row fusion-row fusion-flex-align-items-flex-start fusion-flex-content-wrap" style="max-width:1144px;margin-left: calc(-4% / 2 );margin-right: calc(-4% / 2 );"><div class="fusion-layout-column fusion_builder_column fusion-builder-column-0 fusion_builder_column_1_1 1_1 fusion-flex-column" style="--awb-bg-size:cover;--awb-width-large:100%;--awb-margin-top-large:0px;--awb-spacing-right-large:1.92%;--awb-margin-bottom-large:0px;--awb-spacing-left-large:1.92%;--awb-width-medium:100%;--awb-order-medium:0;--awb-spacing-right-medium:1.92%;--awb-spacing-left-medium:1.92%;--awb-width-small:100%;--awb-order-small:0;--awb-spacing-right-small:1.92%;--awb-spacing-left-small:1.92%;"><div class="fusion-column-wrapper fusion-column-has-shadow fusion-flex-justify-content-flex-start fusion-content-layout-column"><div class="fusion-text fusion-text-1"><p>El SERVICIO DE EMPLEO tiene la función de dar difusión a las ofertas de trabajo que puedan ser cubiertas por Ingenieras e Ingenieros Técnicos Forestales.</p>
<p>Todas las ofertas de empleo, tanto público como privado, de las que tenga conocimiento el COETFG se publicarán en la sección de ofertas de empleo a la que tienen acceso directo todas las personas colegiadas.</p>
<p>Además, el Colegio dispone de una <b>Base de Búsqueda de Empleo</b> que tiene la finalidad de servir de puente entre las empresas y organizaciones que demanden profesionales, y las y los profesionales colegiados que reúnan las características solicitadas.</p>
<p>Las personas interesadas en remitir ofertas de empleo al COETFG para su posterior difusión entre las y los profesionales colegiados pueden hacerlo a través del siguiente enlace:</p>
<p style="text-align: center; "><a href="https://forestaisgalicia.e-gestion.es/Ventanilla/FormularioOfertaEmpleo.aspx" target="_blank" rel="noopener noreferrer">Remitir ofertas</a></p>
</div></div></div></div></div>
